/5 - u/(-20). Calculate the highest common factor of 30 and j.
3
Suppose 0*i = i - 42. Suppose -q + 7*o = 2*o + 1, -4*q + 32 = -2*o. Suppose 0 = -5*m + 61 + q. What is the greatest common divisor of m and i?
14
Let b = -15 + 73. Suppose 35 + 269 = 5*i + 2*h, i - h - b = 0. Calculate the greatest common factor of i and 15.
15
Let i be 2/4 + (-45)/(-10). Suppose 80 = 5*f + i. Calculate the greatest common divisor of 60 and f.
15
Let n be (-2)/5 + (-27)/(-5). Suppose -126 = 3*a - 10*a. Let w be -4 - 4/(-8)*a. Calculate the highest common divisor of w and n.
5
Suppose -5*t = -4*l - 36, -4*t = -t + 12. Let w be (-6 + -1)*4/l. Calculate the greatest common divisor of 4 and w.
2
Let s(o) = o**2 - 4*o - 2. Let i be s(5). Suppose i*c + 105 - 402 = 0. What is the greatest common factor of c and 11?
11
Let w(h) = h**2 - 10*h + 8. Let z be w(8). Let a(y) = -2*y - 10. Let p be a(z). What is the greatest common divisor of p and 18?
6
Let k = 88 - 44. What is the greatest common factor of 66 and k?
22
Let v = 142 - 47. What is the highest common factor of v and 38?
19
Let u be ((-12)/(-5))/((-12)/(-30)). What is the greatest common divisor of u and 15?
3
Let c be (-1020)/(-17)*2/10*2. Calculate the greatest common divisor of c and 96.
24
Let t(w) = w**2 - 3*w - 2. Let g be t(3). Let o be g - (-1 - -2)*-5. Calculate the greatest common divisor of 21 and o.
3
Let n(u) = -u**3 + 4*u**2 + 13*u - 4. Let k be n(6). Let c = -20 - -42. Calculate the greatest common factor of k and c.
2
Suppose n + k = -k + 224, -5*k - 1180 = -5*n. Let j = n + -155. What is the greatest common factor of 7 and j?
7
Let q be (-1 - 0)/((-2)/12). Suppose -a - 2*a + q = 0. Suppose -a*w + 93 - 27 = 0. What is the greatest common factor of w and 11?
11
Suppose -4*d + 8 = 52. Let c be (-4)/22 - 442/d. What is the highest common divisor of 8 and c?
8
Suppose -5*s = -b - 10, -s + 4*s + 5*b - 34 = 0. Suppose 0 = s*f - 22 + 7. Calculate the greatest common factor of 5 and f.
5
Suppose 41 + 19 = 12*k. What is the highest common divisor of k and 40?
5
Let d(b) = b**2 + 5*b + 3. Let n be d(-5). Suppose -3*i - f = -326, -5*f + 229 + 81 = n*i. Calculate the greatest common factor of i and 10.
10
Let l(b) = -10 + 6*b - 4*b**2 - 9*b + 3*b**2 - 8*b. Let t be l(-9). Calculate the greatest common factor of 64 and t.
8
Let x(m) = -7*m**3 + 2*m + 2. Let n be x(-2). What is the greatest common factor of n and 6?
6
Let k(u) = -9*u + 3. Let m be k(3). Let r = 42 + m. What is the greatest common factor of 45 and r?
9
Let w be (-170)/(-3) + 6/(-9). Suppose 0 + 70 = 5*o. Let b be 5/1*o/5. What is the highest common factor of b and w?
14
Suppose -4*x + 50 - 10 = 0. Suppose x = 2*w - 16. Suppose 5*v - 578 = 7. What is the highest common divisor of v and w?
13
Let s be (-2)/(-7) - (-236)/7. Suppose -5*f = -36 - 49. What is the highest common divisor of s and f?
17
Let s = -90 + 120. Calculate the highest common divisor of 90 and s.
30
Let h be ((-24)/9 + 2)*-15. Let k(x) = -x**2 + 12*x - 11. Let g be k(h). What is the highest common divisor of 3 and g?
3
Suppose -3*w + 39 = -30. What is the highest common divisor of w and 23?
23
Let v(q) = q**2 + q - 1. Let t be v(2). Suppose m - 16 = 24. What is the highest common factor of t and m?
5
Suppose -127 = -3*d - 0*k - k, 2*d + 5*k = 89. What is the greatest common factor of 7 and d?
7
Let j(g) = 4*g**2 - g + 10. Let o be j(4). What is the highest common factor of o and 14?
14
Let k be 1 - (0 + -3 + 1). Let q be 1 + -3 + 3 + k. What is the highest common divisor of q and 28?
4
Let r be (-36)/2*(-37)/2. Calculate the greatest common divisor of r and 37.
37
Suppose 0 = -3*y - 25 + 1. Let x = y - -10. Calculate the highest common divisor of 16 and x.
2
Suppose -34 = -3*s + 2*d + 6, 0 = -2*s + 3*d + 20. Suppose -5*c = -f, -c + 22 - 4 = f. Let w be 120*3/(f/2). Calculate the highest common factor of w and s.
16
Let b(v) = -v**2 + 12*v + 10. Let z be b(12). Let s = 19 - z. What is the highest common factor of 99 and s?
9
Suppose -v = 2*v - 18. Suppose 36 + 24 = 2*m. What is the highest common factor of v and m?
6
Let d = -41 - -46. What is the highest common factor of 45 and d?
5
Suppose 0 = 2*w - 5*t - 61, -4*t + 45 = 2*w - 7. Calculate the highest common factor of 7 and w.
7
Suppose -5*t = -2*q - 70, 0 = 2*t + q - 5*q - 28. What is the greatest common divisor of 21 and t?
7
Let u(i) = i**2 + 4*i - 8. Let b be u(-7). Let w = -43 - 18. Let r = 152 + w. What is the highest common factor of b and r?
13
Let h(c) = 2*c**2 - 1. Let d be h(-2). Let r be ((-20)/(-6))/(d/21). What is the greatest common divisor of r and 4?
2
Suppose 4*p - 108 = -5*p. Calculate the greatest common divisor of 96 and p.
12
Let d(b) = b**3 - 8*b**2 + 6*b - 3. Let i be d(7). Let x be i/(-2*(-3)/(-12)). What is the greatest common factor of 10 and x?
10
Suppose -u + 1 = -3*y + u, 2*y + 5*u - 12 = 0. Let b be -2*((5 - y) + -14). Calculate the greatest common divisor of 140 and b.
20
Suppose -5*c = 20 + 5, -3*g - 9 = -3*c. Let z = 9 + g. Calculate the greatest common divisor of 5 and z.
1
Suppose o = 5*b - 317, -o = -b - 4*o + 73. Let k = -37 + b. Suppose -3 + k = 4*w. What is the greatest common divisor of w and 24?
6
Let h = -2 - -2. Suppose 3*k + 58 + 104 = 3*g, h = 4*g + 3*k - 216. Calculate the greatest common divisor of g and 6.
6
Let i(x) = 2*x + 10. Let r be i(-4). Calculate the highest common factor of r and 6.
2
Let p be (-4)/(-6) - 70/6. Let z be 28/(-4)*p/1. Suppose -4*b = -4*w + 1 + 31, -35 = -4*w + 3*b. Calculate the highest common divisor of z and w.
11
Suppose 2 - 32 = -10*m. Calculate the highest common factor of 15 and m.
3
Suppose 79 - 71 = m. What is the greatest common factor of m and 56?
8
Suppose 0 = -6*z + 2*z + 96. Let b = 32 - 14. Let y be 4/b - (-212)/18. What is the greatest common divisor of z and y?
12
Let l(u) = -u**3 + 6*u**2 - u + 4. Let v be l(3). Suppose 27*x = 17*x + 420. Calculate the greatest common divisor of x and v.
14
Suppose 2*n - 22 = 122. What is the highest common factor of 18 and n?
18
Suppose 0*m = -m + 21. What is the highest common divisor of 168 and m?
21
Suppose 9*m + 14*m = 575. Let c(t) = 174*t**2 + 1. Let k be c(-1). What is the greatest common factor of m and k?
25
Suppose 0*o + 12 = -4*o. Let r(v) be the first derivative of -5*v**2/2 - 2. Let c be r(o). Calculate the highest common factor of 10 and c.
5
Suppose 2*a = t + 2*t - 30, -5*a + 27 = t. What is the highest common factor of 12 and t?
12
Suppose -q - 3*q + 52 = 2*c, -4*q = -c - 40. Let i = 157 - 58. Calculate the greatest common divisor of i and q.
11
Let f(v) = -2*v**2 - 7 + 9*v + 4 - 6 + v**2. Let z be f(7). Calculate the greatest common factor of 20 and z.
5
Let w = -49 + 87. Suppose -c - 5*n = -34, -3*c + w = -c + 4*n. Calculate the greatest common factor of c and 3.
3
Suppose v - 4*y - 61 = -5, 3*v + 5*y - 100 = 0. Calculate the greatest common factor of 8 and v.
8
Suppose -2*f - 86 = 3*m - 6*m, 2*m = 3*f + 49. Calculate the greatest common divisor of 4 and m.
4
Let s(q) = q**2 + 12*q + 15. Let l be s(-10). Let u = l - -33. Suppose -5*j - 12 = 2*h, 4*h - 7 = -2*j + 1. Calculate the greatest common factor of h and u.
4
Suppose -4*u - 2 = 3*l - 8*l, -4*u = -8. Let h(f) = f**3 + f**2 - f. Let q be h(l). Calculate the highest common factor of q and 5.
5
Suppose -5*p - 229 = -1549. Suppose 0 = 2*l + 2*l + p. Let o be -1 + 0 - (1 + l). What is the greatest common factor of 8 and o?
8
Let o = 68 + 20. Calculate the greatest common divisor of 22 and o.
22
Suppose -2*o - 6*q + 3*q = -41, 85 = 4*o + 5*q. Suppose 0 = 2*k - 0*k + 2*s, s = -2*k + 5. Calculate the highest common divisor of o and k.
5
Let h be (-6)/((12/(-4))/183). Let c be (-1)/5 + h/30. Calculate the highest common factor of 3 and c.
3
Let y(o) = o**3 + o**2 + 3. Let w be y(0). Suppose 4*l - 660 = 3*i, 4*i = -w*l + 6*l - 488. What is the greatest common factor of 21 and l?
21
Let q(j) = -7*j**3 + j**2 + 3*j + 1. Let z be q(-2). Suppose -5*n - 6 = -61. What is the greatest common factor of z and n?
11
Suppose 10 = 4*y + 2*f, 3*y - 5*f - 40 = -0*y. Suppose -y*o + 10 = -65. What is the highest common factor of o and 15?
15
Suppose h - 6 = 6. What is the highest common divisor of h and 8?
4
Let j be 2/3*(-21)/(-2). What is the highest co